ed by o(-8)?
2
Let d be ((-10)/8)/((-10)/(-40)). Suppose -3*c = 2*c + 125. Let y = d - c. Calculate the remainder when y is divided by 11.
9
Let f(k) = 2*k**3 - 2*k**2 + 5*k + 6. What is the remainder when f(4) is divided by 18?
14
Calculate the remainder when 1/((-1952)/652 - -3) is divided by 33.
31
Suppose 4*u + 96 = -0*u - 2*f, -46 = u - 5*f. Let y = u - -70. Calculate the remainder when y is divided by 23.
21
What is the remainder when 42 is divided by ((-3)/4)/((-88)/(-96) - 1)?
6
Suppose 2*o = 3*z + 7, -12 = -5*o + z + z. Let g be (-90)/21 - o/(-7). Let q = g + 7. Calculate the remainder when 8 is divided by q.
2
Let y = 42 + -24. Calculate the remainder when y is divided by 11.
7
Let o(z) = -z**3 - 5*z**2 - z. Let r be o(-6). Suppose -2*d = d - r. Let v(j) = j + 1. What is the remainder when d is divided by v(4)?
4
Let d(k) = 2*k**2 - 4*k - 3. Let i(n) = -n**3 - 2*n**2 - 2*n - 2. Calculate the remainder when i(-4) is divided by d(4).
12
Calculate the remainder when 67 is divided by ((-4)/12)/(2/(-102)).
16
Suppose 4*p - y - 63 = 3*p, -p + 93 = 5*y. What is the remainder when p is divided by 23?
22
Let q(f) = -f**2 - 6*f + 3. Suppose -n - 12 = 2*n. Calculate the remainder when 43 is divided by q(n).
10
Let l(w) = w + 3. Suppose 0 = 5*m - 3*m - 4. Suppose 0 = -7*s + m*s. Calculate the remainder when l(s) is divided by 2.
1
Suppose -26 = -2*v - 5*g, -4*v + 8*v - 2*g - 52 = 0. What is the remainder when 49 is divided by v?
10
Let q = -16 + 20. Calculate the remainder when 13 is divided by q.
1
Let g = 5 - -10. Let f = -36 + 64. What is the remainder when f is divided by g*(0 - (-3 - -2))?
13
Suppose 14*a - 8*a = 96. Let i(y) = -y**3 - 3*y**2 - 4*y - 7. What is the remainder when i(-5) is divided by a?
15
Let x(z) = -z**2 - 3*z - 1. Suppose 14*s = 15*s - 1. Calculate the remainder when s is divided by x(-1).
0
Let v = -10 + 22. What is the remainder when v is divided by 8?
4
Let g(l) = -l**3 + 6*l**2 + 8*l - 4. Suppose 2 = -2*s, 3*v - s = 3*s + 49. Calculate the remainder when g(6) is divided by v.
14
Suppose 3*i = -3*u + i + 147, 0 = -3*u + i + 147. Calculate the remainder when u is divided by (-6 - 4)*5/(-2).
24
Suppose -2*w = -4*s - s - 125, -4*s = -3*w + 170. What is the remainder when w is divided by 13?
11
Suppose -25 + 3 = -x. Let y = x - 13. What is the remainder when y is divided by 4*((-13)/(-4) + -2)?
4
Let m(n) = -n**2 - 3*n. Let f = -5 - 1. Let a be m(f). Calculate the remainder when (-264)/(-27) - 4/a is divided by 4.
2
Calculate the remainder when 64 is divided by (((-99)/12)/(-3))/((-2)/(-24)).
31
Let s(u) = -u**2 - u + 12. Calculate the remainder when 35 is divided by s(0).
11
Suppose 190 = -a + 2*a. Suppose -q = -0*q - a. Suppose -4*c - 5*d + q = 0, 0*c + 42 = c + 4*d. What is the remainder when c is divided by 17?
16
Suppose k = -1 + 15. Let p = k + -10. Calculate the remainder when 6 is divided by p.
2
Let u = 25 + -9. What is the remainder when 4/(-14) + 872/14 is divided by u?
14
Let j(c) = -c + 7. Calculate the remainder when j(-6) is divided by 204/54 - (-2)/9.
1
Let z(p) = p**2 + 1. Let v be z(2). Suppose v*n - 30 = -0*n. Calculate the remainder when 4/(8/n)*3 is divided by 5.
4
Let m(g) = 2*g**2 + 2*g - 3. What is the remainder when m(2) is divided by 6?
3
Suppose 0 = 3*j + 6*j - 117. Let f(u) = 2*u - 1. Calculate the remainder when j is divided by f(4).
6
Suppose -108 = -6*n - 0*n. Calculate the remainder when n is divided by 10.
8
Let k be 1*8/6*3. Suppose 0 = -v + 2*c + k, v + 2*c = 6*c. Calculate the remainder when v is divided by 3.
2
Let y(t) = -t**2 + 8. Let k(r) = r**2 - 19*r + 10. Let i be k(17). Let q = 47 + i. What is the remainder when q is divided by y(0)?
7
Let t = -9 + 3. Suppose 2 + 4 = -m. Calculate the remainder when 21 is divided by 2/m - 68/t.
10
Let i(q) = -q + 0*q + 2*q - 2 - 9. What is the remainder when i(13) is divided by 2?
0
Let c be 1 + 12/(-4) + 4. Suppose -c*l + 21 = -l. Let f = 101 - 61. What is the remainder when f is divided by l?
19
Let r be (1 + -3)*-1 - -134. Suppose 2*j = 4*a + 6*j - r, 0 = -3*a - 2*j + 103. What is the remainder when a is divided by 12?
11
Let z(v) = 20*v**2 + v - 7. What is the remainder when z(3) is divided by 60?
56
Calculate the remainder when (6/9)/((-10)/(-195)) is divided by 7.
6
Suppose -41 = -4*q - 4*a - 5, -q = -3*a - 9. Calculate the remainder when 33 is divided by q.
6
Let k(b) = -15*b + 1. Let y(w) = -w. Let n(m) = -k(m) - 6*y(m). Calculate the remainder when n(3) is divided by 16.
14
Let o = -1 - -5. Suppose -3*g + 10 = z - 7, -o*g + z = -25. Calculate the remainder when g is divided by 2.
0
Suppose -1 = -q + 39. Let g(r) = r**2 + 1. Let n(l) = -l**2 - l. Let b(s) = -g(s) - 4*n(s). What is the remainder when q is divided by b(-3)?
12
Let i = -11 - -15. Let h be (i/(-8))/(1/42). Let y = -10 - h. What is the remainder when 32 is divided by y?
10
Let q = -22 + 32. Calculate the remainder when -1*18/12*114/(-9) is divided by q.
9
Suppose -y = -3*b + 1 - 0, 5*y - 10 = 0. Let u(j) = 69*j**2 - j. Let r be u(b). Suppose -r = -3*c + 79. What is the remainder when c is divided by 17?
15
Let t be 120/(-2)*(-6)/9. Let j = t + -18. What is the remainder when j is divided by 12?
10
Suppose 0 = -0*s + s - 55. Suppose -4*y = y - s. Suppose -3*n - 60 = -6*n. What is the remainder when n is divided by y?
9
Suppose -4*a + 36 = -0*a. Calculate the remainder when a is divided by 4.
1
Suppose 5*t + b + 0 = 157, 3*b = -t + 23. Suppose 0 = 2*c - 6. Suppose 3*u = -c*v + 66, 0 = -4*v + v + u + 46. Calculate the remainder when t is divided by v.
15
Suppose 4 = s - 18. Let v = s + -16. What is the remainder when 10 is divided by v?
4
Calculate the remainder when (-3)/(-2) + 321/6 is divided by 29.
26
Let j = -8 - -22. Let w = 2 - 0. Suppose w*g + 3*h = h + 86, -5*h = g - 55. Calculate the remainder when g is divided by j.
12
Suppose -5*v + 2 = -4*z, -3*v + 10 = -2*z + 4*z. Suppose 2*a + 64 = 3*h + 1, -a = h - 21. Let g = h - v. What is the remainder when g is divided by 10?
9
Let q(b) = 5*b + 3. Calculate the remainder when q(6) is divided by 82/7 + 42/147.
9
Let m be (4*2)/2 - 1. Suppose -m*y = 2*y. Let t = 7 + y. What is the remainder when t is divided by 3?
1
Suppose -24*n = -19*n - 725. What is the remainder when n is divided by 15?
10
Suppose -n - 3*n + 3*g = -28, 35 = 5*n - 5*g. Calculate the remainder when 24 is divided by n.
3
Let w(t) = -3*t - 11. Let s(u) = 2*u**2 - 7*u + 6. Calculate the remainder when w(-13) is divided by s(4).
8
Let f = -2 - -2. Let w be (-2 - (f + 2)) + 2. Let m(j) = -5*j**3 - 2*j**2 - 3*j - 3. What is the remainder when m(w) is divided by 12?
11
Suppose k + 12 = 5*v, -v + 0*k + 6 = k. What is the remainder when (-6)/(-12)*(-20)/(-2) is divided by v?
2
Suppose 5*u - 10 = 15. Suppose u*g + 79 = 4*h, 1 + 11 = -4*g. Calculate the remainder when 29 is divided by h.
13
Let f = -28 - -6. Let g = f + 43. Calculate the remainder when g is divided by 12.
9
What is the remainder when 60 is divided by 1/((-4)/(-12)) + 18?
18
What is the remainder when 137 is divided by (10/8)/((-4)/(-112))?
32
Let m be (-3)/(-4) + 45/4. Let g be m/(-10)*5/2. Let v = g - -9. What is the remainder when 16 is divided by v?
4
Suppose 2*o + o - 12 = 0. Let q = -4 + o. Suppose q*r - 3*r = -24. Calculate the remainder when 22 is divided by r.
6
Suppose 0 = 5*l - y - 41 + 1, 0 = l - 3*y - 22. Let d(t) = -3*t + 3. Calculate the remainder when d(-3) is divided by l.
5
Let s(d) = -3*d - 2. Suppose -f + 4 = -0. Suppose f*i = 5*m + 28, m - 41 = -4*i - 13. What is the remainder when s(-5) is divided by i?
6
Suppose 5*k + k = 66. What is the remainder when k is divided by 6?
5
Let b = 8 - -26. Calculate the remainder when 135 is divided by b.
33
What is the remainder when -6*-2*116/16 is divided by 18?
15
Suppose -18 = -4*d + d - 3*w, -10 = -3*d - w. Let y = 9 - 3. Let t = y - 1. What is the remainder when t is divided by d?
1
Let x(i) = i + 21. What is the remainder when 48 is divided by x(-4)?
14
What is the remainder when -4*(-1 + -8 + 3) is divided by 13?
11
Let k(l) = -l**3 + 8*l**2 + 6. What is the remainder when k(8) is divided by 4?
2
Let v(x) = 23*x**2 + 10*x + 17. Let f(t) = 11*t**2 + 5*t + 8. Let a(z) = 13*f(z) - 6*v(z). Calculate the remainder when a(-3) is divided by 1